CRAN Package Check Results for Package yamlet

Last updated on 2021-08-02 02:50:13 CEST.

Flavor Version Tinstall Tcheck Ttotal Status Flags
r-devel-linux-x86_64-debian-clang 0.7.7 8.90 129.51 138.41 OK
r-devel-linux-x86_64-debian-gcc 0.7.7 7.38 95.04 102.42 OK
r-devel-linux-x86_64-fedora-clang 0.7.7 171.01 OK
r-devel-linux-x86_64-fedora-gcc 0.7.7 157.22 OK
r-devel-windows-x86_64 0.7.7 14.00 169.00 183.00 OK
r-devel-windows-x86_64-gcc10-UCRT 0.7.7 OK
r-patched-linux-x86_64 0.7.7 OK
r-patched-solaris-x86 0.7.7 181.40 OK
r-release-linux-x86_64 0.7.7 8.79 120.42 129.21 OK
r-release-macos-arm64 0.7.7 WARN
r-release-macos-x86_64 0.7.7 OK
r-release-windows-ix86+x86_64 0.7.7 21.00 127.00 148.00 OK
r-oldrel-macos-x86_64 0.7.7 OK
r-oldrel-windows-ix86+x86_64 0.7.7 15.00 172.00 187.00 OK

Check Details

Version: 0.7.7
Check: re-building of vignette outputs
Result: WARN
    Error(s) in re-building vignettes:
     ...
    --- re-building ‘yamlet-introduction.Rmd’ using rmarkdown
    Warning in engine$weave(file, quiet = quiet, encoding = enc) :
     Pandoc (>= 1.12.3) not available. Falling back to R Markdown v1.
    Quitting from lines 307-319 (yamlet-introduction.Rmd)
    Error: processing vignette 'yamlet-introduction.Rmd' failed with diagnostics:
    polygon edge not found
    --- failed re-building ‘yamlet-introduction.Rmd’
    
    SUMMARY: processing the following file failed:
     ‘yamlet-introduction.Rmd’
    
    Error: Vignette re-building failed.
    Execution halted
Flavor: r-release-macos-arm64