CRAN Package Check Results for Package yardstick

Last updated on 2023-06-10 02:50:48 CEST.

Flavor Version Tinstall Tcheck Ttotal Status Flags
r-devel-linux-x86_64-debian-clang 1.2.0 14.51 197.21 211.72 OK
r-devel-linux-x86_64-debian-gcc 1.2.0 9.70 147.10 156.80 OK
r-devel-linux-x86_64-fedora-clang 1.2.0 196.44 NOTE
r-devel-linux-x86_64-fedora-gcc 1.2.0 262.28 OK
r-devel-windows-x86_64 1.2.0 15.00 180.00 195.00 OK
r-patched-linux-x86_64 1.2.0 15.08 190.19 205.27 OK
r-release-linux-x86_64 1.2.0 10.28 187.27 197.55 OK
r-release-macos-arm64 1.2.0 76.00 OK
r-release-macos-x86_64 1.2.0 189.00 OK
r-release-windows-x86_64 1.2.0 17.00 226.00 243.00 OK
r-oldrel-macos-arm64 1.2.0 69.00 OK
r-oldrel-macos-x86_64 1.2.0 94.00 OK
r-oldrel-windows-x86_64 1.2.0 17.00 209.00 226.00 OK

Check Details

Version: 1.2.0
Check: Rd cross-references
Result: NOTE
    Undeclared package ‘parsnip’ in Rd xrefs
Flavor: r-devel-linux-x86_64-fedora-clang