CRAN Package Check Results for Package ymlthis

Last updated on 2021-07-29 02:51:32 CEST.

Flavor Version Tinstall Tcheck Ttotal Status Flags
r-devel-linux-x86_64-debian-clang 0.1.4 NOTE
r-devel-linux-x86_64-debian-gcc 0.1.4 3.55 40.69 44.24 NOTE
r-devel-linux-x86_64-fedora-clang 0.1.4 77.35 NOTE
r-devel-linux-x86_64-fedora-gcc 0.1.4 67.11 NOTE
r-devel-windows-x86_64 0.1.4 7.00 80.00 87.00 NOTE
r-devel-windows-x86_64-gcc10-UCRT 0.1.4 WARN
r-patched-linux-x86_64 0.1.4 6.65 50.47 57.12 NOTE
r-patched-solaris-x86 0.1.4 77.80 NOTE
r-release-linux-x86_64 0.1.4 4.26 51.73 55.99 NOTE
r-release-macos-arm64 0.1.4 NOTE
r-release-macos-x86_64 0.1.4 NOTE
r-release-windows-ix86+x86_64 0.1.4 10.00 58.00 68.00 NOTE
r-oldrel-macos-x86_64 0.1.4 NOTE
r-oldrel-windows-ix86+x86_64 0.1.4 6.00 82.00 88.00 OK

Additional issues

M1mac

Check Details

Version: 0.1.4
Check: LazyData
Result: NOTE
     'LazyData' is specified without a 'data' directory
Flavors: r-devel-linux-x86_64-debian-clang, r-devel-linux-x86_64-debian-gcc, r-devel-linux-x86_64-fedora-clang, r-devel-linux-x86_64-fedora-gcc, r-devel-windows-x86_64, r-devel-windows-x86_64-gcc10-UCRT, r-patched-linux-x86_64, r-patched-solaris-x86, r-release-linux-x86_64, r-release-macos-arm64, r-release-macos-x86_64, r-release-windows-ix86+x86_64

Version: 0.1.4
Check: dependencies in R code
Result: NOTE
    Namespaces in Imports field not imported from:
     ‘miniUI’ ‘shinyBS’
     All declared Imports should be used.
Flavors: r-devel-linux-x86_64-fedora-clang, r-devel-linux-x86_64-fedora-gcc, r-devel-windows-x86_64-gcc10-UCRT, r-patched-solaris-x86, r-release-macos-arm64, r-release-macos-x86_64, r-oldrel-macos-x86_64

Version: 0.1.4
Check: re-building of vignette outputs
Result: WARN
    Error(s) in re-building vignettes:
     ...
    --- re-building 'introduction-to-ymlthis.Rmd' using rmarkdown
    Quitting from lines 175-177 (introduction-to-ymlthis.Rmd)
    Error: processing vignette 'introduction-to-ymlthis.Rmd' failed with diagnostics:
    '"pandoc-citeproc"' not found
    --- failed re-building 'introduction-to-ymlthis.Rmd'
    
    --- re-building 'yaml-fieldguide.Rmd' using rmarkdown
    Loading required namespace: roxygen2
    i Loading ymlthis
    --- finished re-building 'yaml-fieldguide.Rmd'
    
    --- re-building 'yaml-overview.Rmd' using rmarkdown
    --- finished re-building 'yaml-overview.Rmd'
    
    SUMMARY: processing the following file failed:
     'introduction-to-ymlthis.Rmd'
    
    Error: Vignette re-building failed.
    Execution halted
Flavor: r-devel-windows-x86_64-gcc10-UCRT