CRAN Package Check Results for Package zipfextR

Last updated on 2022-08-16 04:53:54 CEST.

Flavor Version Tinstall Tcheck Ttotal Status Flags
r-devel-linux-x86_64-debian-clang 1.0.2 10.05 95.02 105.07 NOTE
r-devel-linux-x86_64-debian-gcc 1.0.2 8.82 75.70 84.52 NOTE
r-devel-linux-x86_64-fedora-clang 1.0.2 143.19 NOTE
r-devel-linux-x86_64-fedora-gcc 1.0.2 138.34 NOTE
r-devel-windows-x86_64 1.0.2 37.00 123.00 160.00 NOTE
r-patched-linux-x86_64 1.0.2 10.90 88.39 99.29 NOTE
r-release-linux-x86_64 1.0.2 10.62 88.69 99.31 NOTE
r-release-macos-arm64 1.0.2 37.00 NOTE
r-release-macos-x86_64 1.0.2 59.00 NOTE
r-release-windows-x86_64 1.0.2 62.00 127.00 189.00 NOTE
r-oldrel-macos-arm64 1.0.2 45.00 NOTE
r-oldrel-macos-x86_64 1.0.2 77.00 NOTE
r-oldrel-windows-ix86+x86_64 1.0.2 24.00 122.00 146.00 NOTE

Check Details

Version: 1.0.2
Check: LazyData
Result: NOTE
     'LazyData' is specified without a 'data' directory
Flavors: r-devel-linux-x86_64-debian-clang, r-devel-linux-x86_64-debian-gcc, r-devel-linux-x86_64-fedora-clang, r-devel-linux-x86_64-fedora-gcc, r-devel-windows-x86_64, r-patched-linux-x86_64, r-release-linux-x86_64, r-release-macos-arm64, r-release-macos-x86_64, r-release-windows-x86_64, r-oldrel-macos-arm64, r-oldrel-macos-x86_64, r-oldrel-windows-ix86+x86_64