CRAN Package Check Results for Package zipfextR

Last updated on 2022-01-29 02:50:07 CET.

Flavor Version Tinstall Tcheck Ttotal Status Flags
r-devel-linux-x86_64-debian-clang 1.0.2 11.11 102.41 113.52 NOTE
r-devel-linux-x86_64-debian-gcc 1.0.2 8.53 80.49 89.02 NOTE
r-devel-linux-x86_64-fedora-clang 1.0.2 131.26 NOTE
r-devel-linux-x86_64-fedora-gcc 1.0.2 125.75 NOTE
r-devel-windows-x86_64-new-UL 1.0.2 90.00 130.00 220.00 NOTE
r-devel-windows-x86_64-new-TK 1.0.2 NOTE
r-patched-linux-x86_64 1.0.2 8.76 90.99 99.75 NOTE
r-release-linux-x86_64 1.0.2 7.89 92.48 100.37 NOTE
r-release-macos-arm64 1.0.2 NOTE
r-release-macos-x86_64 1.0.2 NOTE
r-release-windows-ix86+x86_64 1.0.2 22.00 119.00 141.00 NOTE
r-oldrel-macos-x86_64 1.0.2 OK
r-oldrel-windows-ix86+x86_64 1.0.2 21.00 122.00 143.00 OK

Check Details

Version: 1.0.2
Check: LazyData
Result: NOTE
     'LazyData' is specified without a 'data' directory
Flavors: r-devel-linux-x86_64-debian-clang, r-devel-linux-x86_64-debian-gcc, r-devel-linux-x86_64-fedora-clang, r-devel-linux-x86_64-fedora-gcc, r-devel-windows-x86_64-new-UL, r-devel-windows-x86_64-new-TK, r-patched-linux-x86_64, r-release-linux-x86_64, r-release-macos-arm64, r-release-macos-x86_64, r-release-windows-ix86+x86_64