CRAN Package Check Results for Package zoltr

Last updated on 2022-08-08 03:55:59 CEST.

Flavor Version Tinstall Tcheck Ttotal Status Flags
r-devel-linux-x86_64-debian-clang 0.5.1 5.73 56.21 61.94 NOTE
r-devel-linux-x86_64-debian-gcc 0.5.1 5.22 44.04 49.26 NOTE
r-devel-linux-x86_64-fedora-clang 0.5.1 86.74 NOTE
r-devel-linux-x86_64-fedora-gcc 0.5.1 101.64 NOTE
r-devel-windows-x86_64 0.5.1 23.00 83.00 106.00 NOTE
r-patched-linux-x86_64 0.5.1 6.12 54.18 60.30 NOTE
r-release-linux-x86_64 0.5.1 NOTE
r-release-macos-arm64 0.5.1 41.00 NOTE
r-release-macos-x86_64 0.5.1 56.00 NOTE
r-release-windows-x86_64 0.5.1 34.00 92.00 126.00 NOTE
r-oldrel-macos-arm64 0.5.1 40.00 NOTE
r-oldrel-macos-x86_64 0.5.1 73.00 NOTE
r-oldrel-windows-ix86+x86_64 0.5.1 15.00 80.00 95.00 NOTE

Check Details

Version: 0.5.1
Check: LazyData
Result: NOTE
     'LazyData' is specified without a 'data' directory
Flavors: r-devel-linux-x86_64-debian-clang, r-devel-linux-x86_64-debian-gcc, r-devel-linux-x86_64-fedora-clang, r-devel-linux-x86_64-fedora-gcc, r-devel-windows-x86_64, r-patched-linux-x86_64, r-release-linux-x86_64, r-release-macos-arm64, r-release-macos-x86_64, r-release-windows-x86_64, r-oldrel-macos-arm64, r-oldrel-macos-x86_64, r-oldrel-windows-ix86+x86_64